5, 2355047
List the prime factors of 398194503.
3, 7, 18961643
List the prime factors of 695601589.
695601589
What are the prime factors of 675821119?
907, 745117
List the prime factors of 462346505.
5, 971, 95231
What are the prime factors of 2066975097?
3, 11, 19, 461, 7151
List the prime factors of 39221648.
2, 829, 2957
What are the prime factors of 155589967?
13, 17, 704027
What are the prime factors of 8025833389?
7, 1146547627
List the prime factors of 48978562.
2, 4639, 5279
What are the prime factors of 33507348?
2, 3, 7, 37, 10781
List the prime factors of 37799111.
7, 739, 7307
List the prime factors of 916350528.
2, 3, 4772659
What are the prime factors of 355060867?
7, 23, 1069, 2063
List the prime factors of 2088689288.
2, 7, 61, 113, 773
List the prime factors of 28797107.
89, 257, 1259
List the prime factors of 1461283463.
127, 11506169
List the prime factors of 7717597835.
5, 15053, 102539
List the prime factors of 111888969.
3, 37296323
What are the prime factors of 20822414?
2, 107, 97301
List the prime factors of 370757848.
2, 46344731
List the prime factors of 60193606.
2, 11, 241, 11353
List the prime factors of 310925319.
3, 31, 37, 90359
What are the prime factors of 2765171925?
3, 5, 673, 2029
List the prime factors of 327297840.
2, 3, 5, 313, 4357
List the prime factors of 2916971781.
3, 109, 8920403
List the prime factors of 3127192280.
2, 5, 78179807
What are the prime factors of 240697360?
2, 5, 1109, 2713
List the prime factors of 81460619.
19, 43, 99707
List the prime factors of 3331144202.
2, 1665572101
List the prime factors of 106433386.
2, 37, 67, 21467
List the prime factors of 1487853023.
5569, 267167
List the prime factors of 65274374.
2, 11, 197, 15061
List the prime factors of 868173892.
2, 397, 546709
What are the prime factors of 200683207?
181, 1108747
List the prime factors of 656596502.
2, 23, 521, 27397
What are the prime factors of 880160424?
2, 3, 11, 13, 337, 761
What are the prime factors of 588332587?
19, 30964873
List the prime factors of 3084953.
61, 103, 491
List the prime factors of 649530132.
2, 3, 54127511
What are the prime factors of 169053809?
89, 1899481
List the prime factors of 474447171.
3, 11, 139, 9403
List the prime factors of 444148619.
444148619
What are the prime factors of 103127764?
2, 3347, 7703
What are the prime factors of 1376643618?
2, 3, 7, 10925743
List the prime factors of 275897637.
3, 10218431
What are the prime factors of 15950018?
2, 7, 1139287
What are the prime factors of 976231325?
5, 39049253
What are the prime factors of 8401297?
43, 47, 4157
List the prime factors of 30523926.
2, 3, 41, 167, 743
What are the prime factors of 115140823?
7, 683, 24083
List the prime factors of 1816440461.
11, 165130951
What are the prime factors of 40446114?
2, 3, 6741019
What are the prime factors of 2250578073?
3, 181, 4144711
What are the prime factors of 370079186?
2, 185039593
List the prime factors of 107474205.
3, 5, 2069, 3463
List the prime factors of 13891149.
3, 23, 22369
List the prime factors of 1270064421.
3, 41, 27983
List the prime factors of 1372122357.
3, 71, 6441889
What are the prime factors of 392788035?
3, 5, 29, 53, 631
What are the prime factors of 59308950?
2, 3, 5, 23, 17191
What are the prime factors of 291536666?
2, 7759, 18787
What are the prime factors of 1628467786?
2, 11, 71, 149, 6997
What are the prime factors of 468893511?
3, 2099, 24821
What are the prime factors of 161391164?
2, 11, 3667981
What are the prime factors of 238130953?
103, 971, 2381
List the prime factors of 2085187926.
2, 3, 347531321
What are the prime factors of 15258405?
3, 5, 1017227
What are the prime factors of 28080172?
2, 31, 226453
What are the prime factors of 512207235?
3, 5, 2441, 4663
What are the prime factors of 25485014?
2, 137, 281, 331
What are the prime factors of 84228932?
2, 4397, 4789
What are the prime factors of 4736017866?
2, 3, 101, 1229, 6359
What are the prime factors of 236529588?
2, 3, 421, 46819
List the prime factors of 8648218217.
149, 199, 263, 1109
What are the prime factors of 131072177?
71, 197, 9371
What are the prime factors of 941518700?
2, 5, 467, 20161
List the prime factors of 57911019.
3, 1201, 16073
What are the prime factors of 27316571?
23, 53, 22409
List the prime factors of 127596025.
5, 1979, 2579
What are the prime factors of 144395307?
3, 7, 19, 907
What are the prime factors of 106951200?
2, 3, 5, 44563
List the prime factors of 643815169.
41, 2671, 5879
List the prime factors of 103350657.
3, 37, 931087
List the prime factors of 3051205864.
2, 7, 1693, 32183
What are the prime factors of 47189435?
5, 2557, 3691
What are the prime factors of 45043180?
2, 5, 7, 13, 24749
What are the prime factors of 118087210?
2, 5, 2791, 4231
List the prime factors of 4388086320.
2, 3, 5, 18283693
What are the prime factors of 42220317?
3, 29, 97, 5003
List the prime factors of 2737321753.
37, 73981669
List the prime factors of 1070795312.
2, 19, 89, 2083
List the prime factors of 2678831000.
2, 5, 2678831
List the prime factors of 2182047115.
5, 19, 1373, 16729
What are the prime factors of 41282855?
5, 31, 113, 2357
List the prime factors of 416047732.
2, 17, 73, 83813
List the prime factors of 566849122.
2, 7, 17, 23, 103553
List the prime factors of 1277212371.
3, 641, 664177
List the prime factors of 2496636529.
337, 397, 18661
What are the prime factors of 19351308?
2, 3, 1612609
List the prime factors of 2614555888.
2, 7, 1877, 12437
What are the prime factors of 3677454249?
3, 7, 149, 509, 2309
What are the prime factors of 737041154?
2, 17, 21677681
What are the prime factors of 48384960?
2, 3, 5, 13, 3877
List the prime factors of 218620851.
3, 2801, 26017
What are the prime factors of 10946566?
2, 179, 30577
List the prime factors of 2620997623.
39439, 66457
What are the prime factors of 425190941?
7, 229, 265247
List the prime factors of 2108835151.
47, 193, 383, 607
List the prime factors of 68510549.
41, 137, 12197
List the prime factors of 5249285463.
3, 643, 2721247
What are the prime factors of 88496815?
5, 11, 17, 94649
What are the prime factors of 29717535?
3, 5, 1981169
What are the prime factors of 85426876?
2, 23, 67, 13859
List the prime factors of 36854202.
2, 3, 7, 11, 241, 331
List the prime factors of 216319453.
7, 347, 89057
List the prime factors of 1135136243.
977, 1063, 1093
List the prime factors of 44240563.
181, 244423
What are the prime factors of 537561108?
2, 3, 7, 353, 6043
What are the prime factors of 134122160?
2, 5, 43, 127, 307
List the prime factors of 2172727740.
2, 3, 5, 36212129
What are the prime factors of 729974541?
3, 3373, 72139
List the prime factors of 39080787.
3, 107, 211, 577
List the prime factors of 57123115.
5, 7, 997, 1637
What are the prime factors of 324321473?
7, 31, 67, 22307
What are the prime factors of 3352857024?
2, 3, 11, 1587527
List the prime factors of 1251170365.
5, 5903, 42391
List the prime factors of 18427027.
18427027
List the prime factors of 195128010.
2, 3, 5, 7, 11, 37, 761
What are the prime factors of 58431210?
2, 3, 5, 17, 114571
What are the prime factors of 658206?
2, 3, 17, 239
List the prime factors of 429642453.
3, 29, 1973, 2503
What are the prime factors of 6381898575?
3, 5, 13, 6545537
What are the prime factors of 158195018?
2, 79097509
List the prime factors of 2124599311.
37, 57421603
What are the prime factors of 59261311?
59, 1004429
List the prime factors of 265095597.
3, 13, 522871
What are the prime factors of 47285070?
2, 3, 5, 7, 225167
What are the prime factors of 7522046536?
2, 940255817
What are the prime factors of 344402220?
2, 3, 5, 1151, 4987
What are the prime factors of 59973703?
59973703
What are the prime factors of 857582291?
14747, 58153
What are the prime factors of 255055459?
151, 1689109
What are the prime factors of 211948776?
2, 3, 13, 127, 1783
List the prime factors of 173851355.
5, 47, 227, 3259
List the prime factors of 9236320791.
3, 463, 1439, 4621
List the prime factors of 295188647.
13, 23, 271, 3643
What are the prime factors of 239204929?
313, 764233
What are the prime factors of 1243112406?
2, 3, 311, 666191
List the prime factors of 143359609.
239, 599831
List the prime factors of 50059113.
3, 13, 37